{"id":1534,"date":"2024-04-29T18:39:08","date_gmt":"2024-04-29T18:39:08","guid":{"rendered":"https:\/\/www.zendohirondelles.ch\/?page_id=1534"},"modified":"2025-10-21T08:56:32","modified_gmt":"2025-10-21T08:56:32","slug":"zazenkai-a-lespace-maurice-zundel","status":"publish","type":"page","link":"https:\/\/www.zendohirondelles.ch\/?page_id=1534","title":{"rendered":"Zazenka\u00ef \u00e0 l&rsquo;Espace Maurice Zundel"},"content":{"rendered":"\n<p><strong>Une journ\u00e9e de m\u00e9ditation zen le 29 novembre 2025<\/strong><\/p>\n\n\n\n<p>Vous trouverez le programme de cette journ\u00e9e sur le lien suivant:<\/p>\n\n\n\n<figure class=\"wp-block-embed\"><div class=\"wp-block-embed__wrapper\">\nhttps:\/\/www.zendohirondelles.ch\/wp-content\/uploads\/2025\/10\/Journee-zen-Andre-2.png\n<\/div><\/figure>\n\n\n\n<p>Prendre v\u00eatements souples, plut\u00f4t fonc\u00e9s et discrets.<\/p>\n\n\n\n<p>Une telle journ\u00e9e, assez intensive, est r\u00e9serv\u00e9e \u00e0 des pratiquantes et pratiquants d\u00e9j\u00e0 exp\u00e9riment\u00e9s.<\/p>\n\n\n\n<p>Contact et inscription\u00a0: Andr\u00e9 Scheibler, +41 77\u00a0208 42 97 ou andre.scheibler1@sunrise.ch<\/p>\n","protected":false},"excerpt":{"rendered":"<p>Une journ\u00e9e de m\u00e9ditation zen le 29 novembre 2025 Vous trouverez le programme de cette journ\u00e9e sur le lien suivant: Prendre v\u00eatements souples, plut\u00f4t fonc\u00e9s et discrets. Une telle journ\u00e9e, assez intensive, est r\u00e9serv\u00e9e \u00e0&#8230;<\/p>\n","protected":false},"author":1,"featured_media":0,"parent":0,"menu_order":0,"comment_status":"closed","ping_status":"closed","template":"","meta":{"footnotes":""},"class_list":["post-1534","page","type-page","status-publish","hentry"],"_links":{"self":[{"href":"https:\/\/www.zendohirondelles.ch\/index.php?rest_route=\/wp\/v2\/pages\/1534","targetHints":{"allow":["GET"]}}],"collection":[{"href":"https:\/\/www.zendohirondelles.ch\/index.php?rest_route=\/wp\/v2\/pages"}],"about":[{"href":"https:\/\/www.zendohirondelles.ch\/index.php?rest_route=\/wp\/v2\/types\/page"}],"author":[{"embeddable":true,"href":"https:\/\/www.zendohirondelles.ch\/index.php?rest_route=\/wp\/v2\/users\/1"}],"replies":[{"embeddable":true,"href":"https:\/\/www.zendohirondelles.ch\/index.php?rest_route=%2Fwp%2Fv2%2Fcomments&post=1534"}],"version-history":[{"count":5,"href":"https:\/\/www.zendohirondelles.ch\/index.php?rest_route=\/wp\/v2\/pages\/1534\/revisions"}],"predecessor-version":[{"id":1597,"href":"https:\/\/www.zendohirondelles.ch\/index.php?rest_route=\/wp\/v2\/pages\/1534\/revisions\/1597"}],"wp:attachment":[{"href":"https:\/\/www.zendohirondelles.ch\/index.php?rest_route=%2Fwp%2Fv2%2Fmedia&parent=1534"}],"curies":[{"name":"wp","href":"https:\/\/api.w.org\/{rel}","templated":true}]}}