{"id":53,"date":"2012-10-28T19:13:11","date_gmt":"2012-10-28T19:13:11","guid":{"rendered":"http:\/\/www.zendohirondelles.ch\/?page_id=53"},"modified":"2025-10-21T08:14:58","modified_gmt":"2025-10-21T08:14:58","slug":"andre","status":"publish","type":"page","link":"https:\/\/www.zendohirondelles.ch\/?page_id=53","title":{"rendered":"Andr\u00e9"},"content":{"rendered":"<p><a href=\"http:\/\/www.zendohirondelles.ch\/wp-content\/uploads\/2012\/10\/Andr\u00e9-1.jpg\"><img loading=\"lazy\" decoding=\"async\" class=\"alignleft size-thumbnail wp-image-69\" title=\"Andr\u00e9-1\" src=\"http:\/\/www.zendohirondelles.ch\/wp-content\/uploads\/2012\/10\/Andr\u00e9-1-150x150.jpg\" alt=\"\" width=\"150\" height=\"150\" \/><\/a>N\u00e9 en 1947, je pratique zazen depuis plus de 40 ans. Tout d&rsquo;abord dans le Centre de Rencontres Spirituelles et de M\u00e9ditation, cr\u00e9\u00e9 par Henri Hartung \u00e0 Fleurier en Suisse, puis au <a title=\"Centre Assise\" href=\"http:\/\/www.centre-assise.org\">Centre Assise<\/a> dirig\u00e9 par le p\u00e8re Jacques Breton. Mon premier ma\u00eetre zen fut Bunryo Yamada Roshi. Il venait chaque ann\u00e9e animer une sesshin \u00e0 Fleurier. Et c&rsquo;est avec ma\u00eetre Eizan Goto Roshi, qui \u00e9tait responsable du monast\u00e8re \u00a0Ryutakuji, \u00e0 Mishima au Japon, que j&rsquo;ai poursuivi mon chemin. Il m&rsquo;a autoris\u00e9, tout comme le p\u00e8re Jacques Breton, \u00e0 enseigner le zen. Mes recherches se poursuivent actuellement avec Bernard Sen\u00e9cal, pr\u00eatre j\u00e9suite \u00e9galement habilit\u00e9 \u00e0 transmettre le zen, qui vit en Cor\u00e9e.<\/p>\n","protected":false},"excerpt":{"rendered":"<p>N\u00e9 en 1947, je pratique zazen depuis plus de 40 ans. Tout d&rsquo;abord dans le Centre de Rencontres Spirituelles et de M\u00e9ditation, cr\u00e9\u00e9 par Henri Hartung \u00e0 Fleurier en Suisse, puis au Centre Assise dirig\u00e9&#8230;<\/p>\n","protected":false},"author":1,"featured_media":0,"parent":0,"menu_order":0,"comment_status":"closed","ping_status":"open","template":"","meta":{"footnotes":""},"class_list":["post-53","page","type-page","status-publish","hentry"],"_links":{"self":[{"href":"https:\/\/www.zendohirondelles.ch\/index.php?rest_route=\/wp\/v2\/pages\/53","targetHints":{"allow":["GET"]}}],"collection":[{"href":"https:\/\/www.zendohirondelles.ch\/index.php?rest_route=\/wp\/v2\/pages"}],"about":[{"href":"https:\/\/www.zendohirondelles.ch\/index.php?rest_route=\/wp\/v2\/types\/page"}],"author":[{"embeddable":true,"href":"https:\/\/www.zendohirondelles.ch\/index.php?rest_route=\/wp\/v2\/users\/1"}],"replies":[{"embeddable":true,"href":"https:\/\/www.zendohirondelles.ch\/index.php?rest_route=%2Fwp%2Fv2%2Fcomments&post=53"}],"version-history":[{"count":13,"href":"https:\/\/www.zendohirondelles.ch\/index.php?rest_route=\/wp\/v2\/pages\/53\/revisions"}],"predecessor-version":[{"id":1581,"href":"https:\/\/www.zendohirondelles.ch\/index.php?rest_route=\/wp\/v2\/pages\/53\/revisions\/1581"}],"wp:attachment":[{"href":"https:\/\/www.zendohirondelles.ch\/index.php?rest_route=%2Fwp%2Fv2%2Fmedia&parent=53"}],"curies":[{"name":"wp","href":"https:\/\/api.w.org\/{rel}","templated":true}]}}